 Give r(4).
7
Let a(q) = -q**3 - q**2 - 25. What is a(0)?
-25
Let l(k) = -k**3 - 10*k**2 - 2*k - 21. Calculate l(-10).
-1
Let r(v) = -v**3 - 11*v**2 + 3*v + 12. Give r(-11).
-21
Let w(d) = d**2 - 3*d - 77. Give w(10).
-7
Let o(w) = -3*w. Determine o(4).
-12
Let m(z) = -2*z**2 - 10*z + 2. Give m(-6).
-10
Let v(o) = -22*o + 20. What is v(-4)?
108
Let l(y) = y**3 - 15*y**2 + 2*y - 41. Give l(15).
-11
Let i(f) = f**2 + 12*f + 15. Calculate i(-2).
-5
Let m(i) = -i**3 - 3*i**2 + 1. Calculate m(-3).
1
Let w(j) = -j - 14. Calculate w(16).
-30
Let r(g) = g**3 - 5*g**2 - 10*g + 6. Give r(6).
-18
Let u(d) = -2*d + 24. Give u(14).
-4
Let a(t) = -5*t - 31. What is a(-6)?
-1
Let k(y) = -y**2 - 14*y - 18. Calculate k(-12).
6
Let d(c) = -5*c - 3. Calculate d(4).
-23
Let d(w) = -w**2 - w + 4. What is d(0)?
4
Let m(j) = -62*j + 1558. Give m(25).
8
Let t(u) = -u**2 + u - 1. What is t(7)?
-43
Let w(t) = -3*t - 8. What is w(-8)?
16
Let w(b) = b**3 + b**2 + 3*b - 56. What is w(0)?
-56
Let c(v) = -26*v**3 + v. What is c(1)?
-25
Let u(f) = f**3 - 6*f - 13. What is u(-2)?
-9
Let i(a) = a**3 - 3*a**2 - 8*a + 45. Calculate i(3).
21
Let i(m) = -7*m + 65. What is i(9)?
2
Let m(u) = -6*u**2 + 3*u - 4. Give m(1).
-7
Let a(h) = h**3 - 12*h**2 - 7. What is a(12)?
-7
Let z(j) = 26*j - 153. Determine z(6).
3
Let x(m) = -6*m + 33. What is x(6)?
-3
Let q(m) = -m**3 + 11*m**2 - 17*m - 24. Calculate q(8).
32
Let l(k) = -17*k + 78. Give l(10).
-92
Let r(b) = -4*b**3 + 28*b**2 + 7*b - 2. Give r(7).
47
Let q(m) = m + 3. Calculate q(5).
8
Let i(q) = q**2 + 10*q - 130. Give i(7).
-11
Let t(q) = -7*q - 15. What is t(4)?
-43
Let q(h) = -h**3 - 23*h**2 + 21*h - 38. Calculate q(-24).
34
Let h(j) = j**2 - 7*j + 2. What is h(8)?
10
Let q(v) = -10*v - 94. What is q(-18)?
86
Let z(w) = -2*w**2 - 3*w + 1. Calculate z(3).
-26
Let d(y) = -y**3 - 4*y**2 - 6*y - 24. What is d(-3)?
-15
Let v(n) = 2*n**2 + 30*n + 19. What is v(-17)?
87
Let w(z) = -8*z + 15. What is w(3)?
-9
Let x(r) = r**2 - 4*r + 3. Determine x(4).
3
Let h(j) = 2*j + 30. What is h(-13)?
4
Let w(j) = -j**3 - 4*j**2 + 7*j + 7. Calculate w(-5).
-3
Let a(o) = 12*o**3 - 4*o + 2. Determine a(1).
10
Let m(n) = 3*n**2 - 2*n + 1. Determine m(2).
9
Let n(o) = -2*o**3 - 37*o**2 - 15*o + 11. Give n(-18).
-43
Let k(z) = -2*z**2 - 18*z - 1. Give k(-9).
-1
Let q(j) = j**2 + 15*j + 39. What is q(-8)?
-17
Let s(i) = -i**2 - 2*i - 6. Give s(0).
-6
Let r(c) = -c**3 + 3*c**2 - c - 5. Calculate r(3).
-8
Let u(s) = s**3 - 5*s**2 + 3*s + 1. What is u(3)?
-8
Let x(u) = -27*u + 221. What is x(8)?
5
Let s(v) = -2*v**3 + 30*v**2 + 31*v + 12. What is s(16)?
-4
Let k(d) = 2*d**3 - 29*d**2 + 14*d - 8. Give k(14).
-8
Let a(u) = 5*u - 70. Calculate a(14).
0
Let w(j) = -3*j**2 - 28*j - 22. What is w(-9)?
-13
Let x(o) = 6*o + 192. What is x(-31)?
6
Let y(g) = 10*g**2 + g - 1. Calculate y(1).
10
Let v(t) = -t**3 + 18*t**2 - 31*t + 10. What is v(16)?
26
Let o(d) = -d + 8. Give o(11).
-3
Let t(u) = -u + 11. Calculate t(15).
-4
Let y(t) = -5*t**2 - 12*t - 7. Give y(-3).
-16
Let j(g) = -g**2 + 11*g - 21. What is j(8)?
3
Let j(x) = 2*x + 50. What is j(-24)?
2
Let a(p) = 12*p**2 + 1. Give a(-1).
13
Let x(z) = z**3 - 2*z**2 + z - 36. What is x(0)?
-36
Let f(p) = -p**3 - 13*p**2 + 14*p - 9. Determine f(-14).
-9
Let a(o) = o**2 - 7*o - 8. Calculate a(-1).
0
Let x(q) = q**3 - 4*q**2 - q. What is x(3)?
-12
Let k(r) = -r**2 + 9*r + 10. Give k(7).
24
Let c(u) = -5*u**3 + 2*u**2 - 2. Determine c(3).
-119
Let r(n) = 5*n + 57. Give r(-11).
2
Let s(o) = 5*o - 6. Determine s(-21).
-111
Let r(a) = 94*a**3 + a**2 + 3*a + 2. What is r(-1)?
-94
Let p(v) = 2*v. Determine p(7).
14
Let k(l) = 9*l - 1. Give k(-1).
-10
Let j(x) = x + 23. Calculate j(-14).
9
Let x(i) = i**3 - 3*i**2 - 19*i - 2. Calculate x(6).
-8
Let q(u) = -u**3 + 15*u**2 - 14*u + 14. What is q(14)?
14
Let l(p) = -5*p + 6. What is l(-3)?
21
Let m(k) = -5*k + 1. Determine m(6).
-29
Let u(n) = -15*n**2 - 43*n. Calculate u(-3).
-6
Let m(f) = f**2 + 16*f - 2. What is m(-10)?
-62
Let n(y) = y**3 - 2*y**2 - 5*y - 3. What is n(-1)?
-1
Let t(f) = f**3 + f**2 - f. Give t(1).
1
Let y(l) = -66*l + 283. Determine y(4).
19
Let v(k) = 11*k - 3. What is v(-1)?
-14
Let b(l) = -6*l - 2. Give b(1).
-8
Let a(k) = 4*k**2 + 11*k + 21. Determine a(-6).
99
Let x(y) = y**2 - 8*y + 19. Calculate x(5).
4
Let o(b) = b**3 - 8*b**2 + 11*b - 5. Determine o(7).
23
Let k(z) = -z**2 + 5*z + 26. What is k(8)?
2
Let f(c) = -c**3 + 10*c**2 + 2*c - 3. What is f(10)?
17
Let f(k) = k. Determine f(-3).
-3
Let u(v) = 2*v + 100. Calculate u(-35).
30
Let j(g) = -g**3 - 4*g**2 + 12*g + 6. What is j(-6)?
6
Let t(w) = -13*w + 171. Determine t(14).
-11
Let t(b) = 41*b - 1. What is t(-1)?
-42
Let y(t) = t**3 + 4*t**2 + 2*t. What is y(-3)?
3
Let c(l) = l**3 + 6*l**2 + 9*l + 15. What is c(-6)?
-39
Let s(d) = -d**3 - 7*d**2 + 6*d - 4. What is s(-3)?
-58
Let i(k) = -16*k**2 - 10*k - 16. Determine i(-3).
-130
Let t(b) = b**2 - b - 29. Determine t(0).
-29
Let z(k) = k**3 - 17*k**2 + 3*k - 385. Determine z(18).
-7
Let d(z) = -z**3 - z**2 - 1. What is d(-3)?
17
Let g(i) = i**3 + 6*i**2 + i - 5. Give g(-5).
15
Let o(r) = -r**2 - 34*r - 197. Calculate o(-8).
11
Let r(c) = c**3 + c**2 + c + 3. Calculate r(-3).
-18
Let y(k) = -k + 9. Calculate y(6).
3
Let c(s) = -s**3 + 13*s**2 - 14*s + 15. Give c(12).
-9
Let d(f) = 8*f**2 + f - 2. Give d(1).
7
Let b(c) = -61*c - 661. Determine b(-11).
10
Let m(b) = -2*b + 15. Give m(10).
-5
Let g(b) = b**2 + 13*b + 7. Determine g(-12).
-5
Let i(u) = -u**3 + 3*u**2 - 3*u + 2. Determine i(2).
0
Let b(p) = p**3 - 5*p**2 + 10*p - 3. Calculate b(6).
93
Let n(z) = 2*z - 32. Give n(15).
-2
Let f(k) = 47*k**2 - 2*k + 1. Calculate f(1).
46
Let o(b) = -4*b**2 - 2*b + 1. What is o(1)?
-5
Let m(s) = -s**2 + 43*s + 473. Determine m(52).
5
Let d(b) = -b**3 - 3*b**2 - 5*b - 1. Give d(-4).
35
Let v(y) = y - 2. Give v(18).
16
Let x(f) = 5*f + 27. Determine x(-4).
7
Let c(u) = 21*u - 50. Give c(4).
34
Let p(a) = a**3 - 9*a**2 - 12*a + 15. Determine p(10).
-5
Let v(g) = g - 12. Calculate v(8).
-4
Let g(h) = h**2 + 2*h + 8. Determine g(0).
8
Let g(n) = -n**2 - 50*n + 166. Determine g(-53).
7
Let k(i) = -i**3 + 5*i**2 - 5*i + 8. Calculate k(4).
4
Let u(w) = -4*w**2 + 23*w + 14. Determine u(10).
-156
Let w(l) = l**3 - 10*l**2 - 8*l - 13. Determine w(11).
20
Let z(w) = w - 4. Give z(4).
0
Let q(l) = 2*l**2 - l. What is q(0)?
0
Let o(m) = 4*m + 18. Give o(-6).
-6
Let z(s) = -55*s**3 - 5*s**2 - 6*s - 1. Determine z(-1).
55
Let p(c) = 3*c - 35. Give p(15).
10
Let r(z) = -3*z**3 + 11*z**2 - 5*z + 1. What is r(4)?
-35
Let j(c) = 22*c + 15. Calculate j(-3).
-51
Let z(q) = -q**3 + 6*q**2 - 5*q + 10. Give z(4).
22
Let s(f) = -f**2 + 8*f + 9. What is s(8)?
9
Let h(n) = -n**3 - 5*n**2 + 5*n - 10. Give h(-6).
-4
Let n(b) = -b**3 + 17*b**2 - 3*b + 29. Determine n(17).
-22
Let u(b) = b**3 + 7*b**2 - 16*b - 32. What is u(-7)?
80
Let i(j) = j**3 - 13*j**2 + 21*j + 16. Give i(11).
5
Let b(z) = -2*z**2 + 4*z + 2. Calculate b(4).
-14
Let p(c) = -c**2 - 4*c + 13. Determine p(-6).
1
Let z(f) = f**3 + 9*f**2 - 10*f + 24. What is z(-10)?
24
Let h(o) = 3*o - 2. Determine h(9).
25
Let j(t) = -t**2 - 5*t - 5. What is j(-2)?
1
Let y(g) = -g + 31. Give y(9).
22
Let i(j) = j**3 + 6*j**2 + 6*j - 17. What is i(-5)?
-22
Let k(a) = -a**3 + 4*a**2 - 3*a + 8. Give k(4).
-4
Let u(p) = 6*p - 193. Calculate u(30).
-13
Let x(p) = -3*p**2 + 6*p - 1. Determine x(5).
-46
Let t(y) = -2*y + 39. What is t(15)?
9
Let n(s) = s**2 + s + 7. Determine n(0).
7
Let n(k) = 2*k. Give n(6).
12
Let v(t) = t**2 + 7*t - 4. Determine v(-8).
4
Let g(p) = -7*p + 30. Determine g(10).
-40
Let w(s) = 7*s**2 + 12*s. What is w(-6)?
180
Let i(k) = 2*k + 73. Calculate i(-28).
17
Let g(i) = -15*i - 387. Give g(-26).
3
Let b(a) = -a**3 + 35*a**2 - 66*a - 2. What is b(33)?
-2
Let r(h) = 7*h - 25. Give r(4).
3
Let v(l) = -22*l - 19. What is v(-1)?
3
Let q(r) = -6*r + 58. Determine q(9).
4
Let z(c) = 9*c - 268. Calculate z(27).
-25
Let o(h) = -h**3 - 6*h**2 - 7*h - 7. What is o(-5)?
3
Let x(m) = m**2 + 7*m + 14. Give x(-7).
14
Let x(y) = -5*y - 65. What is x(-11)?
-10
Let v(s) = 2*s - 5. Calculate v(1).
-3
Let a(p) = p**2 + 15*p + 37. Calculate a(-9).
-17
Let m(j) = 8*j**3 - 1. Determine m(-1).
-9
Let v(y) = -y**3 - 18*y**2 - y - 16. Calcul